288?
5
What is the millions digit of 1057987919?
7
What is the hundred thousands digit of 281300577?
3
What is the hundred thousands digit of 565432020?
4
What is the hundred thousands digit of 59354702?
3
What is the units digit of 265731968?
8
What is the ten thousands digit of 2062005136?
0
What is the hundred millions digit of 105813796?
1
What is the hundreds digit of 571997419?
4
What is the hundred thousands digit of 1883191619?
1
What is the tens digit of 592965009?
0
What is the ten millions digit of 1487116072?
8
What is the ten thousands digit of 38082471?
8
What is the thousands digit of 2279015208?
5
What is the tens digit of 377277861?
6
What is the millions digit of 1860350798?
0
What is the hundred millions digit of 870983141?
8
What is the hundred millions digit of 860448228?
8
What is the units digit of 24229304?
4
What is the hundred thousands digit of 44586852?
5
What is the millions digit of 108411786?
8
What is the units digit of 19546103?
3
What is the ten thousands digit of 144770867?
7
What is the tens digit of 1458550225?
2
What is the units digit of 3044486304?
4
What is the ten millions digit of 401611442?
0
What is the ten thousands digit of 3389271002?
7
What is the hundred millions digit of 4101593097?
1
What is the ten millions digit of 551962722?
5
What is the hundreds digit of 60374653?
6
What is the ten thousands digit of 1265741576?
4
What is the units digit of 93841606?
6
What is the units digit of 478493386?
6
What is the ten thousands digit of 15188703?
8
What is the ten thousands digit of 1285571910?
7
What is the hundred thousands digit of 31132126?
1
What is the thousands digit of 10511003?
1
What is the millions digit of 4654337296?
4
What is the hundred thousands digit of 175294419?
2
What is the hundreds digit of 67182?
1
What is the ten thousands digit of 247570892?
7
What is the hundred thousands digit of 254626584?
6
What is the hundred thousands digit of 16384116?
3
What is the millions digit of 49888360?
9
What is the millions digit of 2887512736?
7
What is the hundreds digit of 367746975?
9
What is the millions digit of 304188853?
4
What is the hundred thousands digit of 134170734?
1
What is the ten millions digit of 5664626726?
6
What is the thousands digit of 1095765229?
5
What is the units digit of 6594836540?
0
What is the ten millions digit of 2451917092?
5
What is the hundred millions digit of 1335543328?
3
What is the thousands digit of 2275855756?
5
What is the ten millions digit of 295789966?
9
What is the thousands digit of 330777289?
7
What is the thousands digit of 191204654?
4
What is the hundred millions digit of 930338216?
9
What is the hundreds digit of 41414933?
9
What is the hundred thousands digit of 16807626?
8
What is the thousands digit of 106141725?
1
What is the millions digit of 204766839?
4
What is the billions digit of 1976070103?
1
What is the hundreds digit of 29059305?
3
What is the hundred thousands digit of 587847180?
8
What is the hundred millions digit of 3522433864?
5
What is the ten thousands digit of 15528585?
2
What is the units digit of 42279124?
4
What is the ten thousands digit of 16364640?
6
What is the hundreds digit of 1185181823?
8
What is the thousands digit of 6322103654?
3
What is the hundred thousands digit of 174605720?
6
What is the hundreds digit of 7626942?
9
What is the ten thousands digit of 5279489?
7
What is the tens digit of 267988020?
2
What is the hundred thousands digit of 78200678?
2
What is the billions digit of 2508327509?
2
What is the hundred millions digit of 296260374?
2
What is the hundred thousands digit of 79480829?
4
What is the ten thousands digit of 1035372101?
7
What is the ten thousands digit of 713559757?
5
What is the ten thousands digit of 42090626?
9
What is the hundreds digit of 512921299?
2
What is the hundred millions digit of 420395111?
4
What is the hundred thousands digit of 276596622?
5
What is the millions digit of 27224061?
7
What is the tens digit of 36375143?
4
What is the hundreds digit of 866897283?
2
What is the ten thousands digit of 8029793427?
9
What is the ten thousands digit of 268125360?
2
What is the tens digit of 703672154?
5
What is the tens digit of 1520602397?
9
What is the ten thousands digit of 206479832?
7
What is the billions digit of 1921916623?
1
What is the millions digit of 627146591?
7
What is the millions digit of 1541515692?
1
What is the billions digit of 3313569556?
3
What is the hundred millions digit of 100693470?
1
What is the ten thousands digit of 198323693?
2
What is the units digit of 5329354?
4
What is the ten thousands digit of 50136620?
3
What is the units digit of 333782686?
6
What is the ten thousands digit of 3244477961?
7
What is the units digit of 72793345?
5
What is the units digit of 2425150943?
3
What is the hundreds digit of 18637644?
6
What is the hundred millions digit of 219264628?
2
What is the units digit of 6608061?
1
What is the thousands digit of 133002819?
2
What is the hundreds digit of 46003987?
9
What is the units digit of 1616714036?
6
What is the billions digit of 4044102572?
4
What is the thousands digit of 385312423?
2
What is the tens digit of 4026879567?
6
What is the millions digit of 1580096069?
0
What is the units digit of 4727307302?
2
What is the hundred thousands digit of 1931088910?
0
What is the ten thousands digit of 2083562022?
6
What is the hundred millions digit of 2391219285?
3
What is the ten millions digit of 169664700?
6
What is the hundred thousands digit of 2039269097?
2
What is the hundred millions digit of 573699104?
5
What is the hundred thousands digit of 660502809?
5
What is the hundred thousands digit of 926852462?
8
What is the ten thousands digit of 1098856970?
5
What is the ten millions digit of 44398307?
4
What is the thousands digit of 9180711?
0
What is the hundred millions digit of 308859276?
3
What is the ten millions digit of 23847596?
2
What is the hundred millions digit of 267441406?
2
What is the hundred thousands digit of 637883369?
8
What is the millions digit of 149706377?
9
What is the ten millions digit of 473326313?
7
What is the hundred thousands digit of 1065730965?
7
What is the millions digit of 524144646?
4
What is the tens digit of 28619147?
4
What is the ten thousands digit of 2669742254?
4
What is the hundreds digit of 29008942?
9
What is the thousands digit of 3346135969?
5
What is the thousands digit of 37037713?
7
What is the hundred thousands digit of 258718294?
7
What is the ten thousands digit of 144687861?
8
What is the ten millions digit of 1322751591?
2
What is the thousands digit of 151167669?
7
What is the billions digit of 4654825237?
4
What is the millions digit of 549700879?
9
What is the ten thousands digit of 266466163?
6
What is the ten millions digit of 18094803?
1
What is the millions digit of 231621705?
1
What is the units digit of 53857919?
9
What is the hundreds digit of 46771105?
1
What is the tens digit of 2810870527?
2
What is the units digit of 4616381711?
1
What is the hundreds digit of 760539135?
1
What is the tens digit of 52898024?
2
What is the hundred millions digit of 264059907?
2
What is the millions digit of 303065889?
3
What is the ten millions digit of 126118971?
2
What is the units digit of 282190958?
8
What is the ten thousands digit of 3076710357?
1
What is the hundreds digit of 27316949?
9
What is the units digit of 131805819?
9
What is the units digit of 102209579?
9
What is the hundreds digit of 286678255?
2
What is the hundred millions digit of 1321459913?
3
What is the tens digit of 136354271?
7
What is the ten millions digit of 46685991?
4
What is the ten thousands digit of 34972584?
7
What is the ten millions digit of 3660336710?
6
What is the tens digit of 104687424?
2
What is the hundred thousands digit of 455618408?
6
What is the thousands digit of 237384803?
4
What is the hundred thousands digit of 106745157?
7
What is the hundred thousands digit of 286072590?
0
What is the ten thousands digit of 19986952?
8
What is the hundreds digit of 4490314391?
3
What is the ten millions digit of 412152199?
1
What is the tens digit of 5339490?
9
What is the thousands digit of 136529890?
9
What is the units digit of 11089108?
8
What is the hundreds d